{"id":219,"date":"2023-08-07T09:05:10","date_gmt":"2023-08-07T09:05:10","guid":{"rendered":"https:\/\/cerpratenc.es\/?page_id=219"},"modified":"2025-08-01T11:20:03","modified_gmt":"2025-08-01T11:20:03","slug":"horarios-y-tarifas","status":"publish","type":"page","link":"https:\/\/cerpratenc.es\/index.php\/horarios-y-tarifas\/","title":{"rendered":"Horarios y Tarifas"},"content":{"rendered":"\n<div class=\"wp-block-group has-global-padding is-layout-constrained wp-block-group-is-layout-constrained\">\n<div class=\"wp-block-columns is-layout-flex wp-container-core-columns-is-layout-28f84493 wp-block-columns-is-layout-flex\">\n<div class=\"wp-block-column is-layout-flow wp-block-column-is-layout-flow\" style=\"flex-basis:100%\">\n<div class=\"wp-block-group alignwide is-vertical is-content-justification-center is-layout-flex wp-container-core-group-is-layout-cef49ae4 wp-block-group-is-layout-flex\" style=\"padding-top:var(--wp--preset--spacing--70);padding-bottom:var(--wp--preset--spacing--70)\">\n<p class=\"has-text-align-center has-small-plus-font-size\">Aqu\u00ed puedes consultar los horarios de nuestros grupos de Iniciaci\u00f3n. <\/p>\n\n\n\n<p class=\"has-text-align-center has-small-plus-font-size\"><strong>Los grupos de competici\u00f3n escolar y competici\u00f3n federada son grupos cerrados, por lo que deber\u00e1n ponerse en contacto con la entidad<\/strong> para consultar el grupo m\u00e1s adecuado para las gimnastas. <\/p>\n<\/div>\n<\/div>\n<\/div>\n<\/div>\n\n\n\n<figure class=\"wp-block-gallery has-nested-images columns-default is-cropped wp-block-gallery-1 is-layout-flex wp-block-gallery-is-layout-flex\">\n<figure class=\"wp-block-image size-large\"><img loading=\"lazy\" decoding=\"async\" width=\"1024\" height=\"702\" data-id=\"818\" src=\"https:\/\/cerpratenc.es\/wp-content\/uploads\/2023\/08\/IMG_1555-1024x702.jpg\" alt=\"\" class=\"wp-image-818\" srcset=\"https:\/\/cerpratenc.es\/wp-content\/uploads\/2023\/08\/IMG_1555-1024x702.jpg 1024w, https:\/\/cerpratenc.es\/wp-content\/uploads\/2023\/08\/IMG_1555-300x206.jpg 300w, https:\/\/cerpratenc.es\/wp-content\/uploads\/2023\/08\/IMG_1555-768x526.jpg 768w, https:\/\/cerpratenc.es\/wp-content\/uploads\/2023\/08\/IMG_1555.jpg 1179w\" sizes=\"auto, (max-width: 1024px) 100vw, 1024px\" \/><\/figure>\n\n\n\n<figure class=\"wp-block-image size-large\"><img loading=\"lazy\" decoding=\"async\" width=\"792\" height=\"1024\" data-id=\"414\" src=\"https:\/\/cerpratenc.es\/wp-content\/uploads\/2023\/08\/txd04290-792x1024.jpg\" alt=\"\" class=\"wp-image-414\" srcset=\"https:\/\/cerpratenc.es\/wp-content\/uploads\/2023\/08\/txd04290-792x1024.jpg 792w, https:\/\/cerpratenc.es\/wp-content\/uploads\/2023\/08\/txd04290-232x300.jpg 232w, https:\/\/cerpratenc.es\/wp-content\/uploads\/2023\/08\/txd04290-768x994.jpg 768w, https:\/\/cerpratenc.es\/wp-content\/uploads\/2023\/08\/txd04290-1187x1536.jpg 1187w, https:\/\/cerpratenc.es\/wp-content\/uploads\/2023\/08\/txd04290-1583x2048.jpg 1583w, https:\/\/cerpratenc.es\/wp-content\/uploads\/2023\/08\/txd04290-scaled.jpg 1979w\" sizes=\"auto, (max-width: 792px) 100vw, 792px\" \/><\/figure>\n\n\n\n<figure class=\"wp-block-image size-large\"><img loading=\"lazy\" decoding=\"async\" width=\"1024\" height=\"683\" data-id=\"532\" src=\"https:\/\/cerpratenc.es\/wp-content\/uploads\/2023\/08\/prj_8105-1024x683.jpg\" alt=\"\" class=\"wp-image-532\" srcset=\"https:\/\/cerpratenc.es\/wp-content\/uploads\/2023\/08\/prj_8105-1024x683.jpg 1024w, https:\/\/cerpratenc.es\/wp-content\/uploads\/2023\/08\/prj_8105-300x200.jpg 300w, https:\/\/cerpratenc.es\/wp-content\/uploads\/2023\/08\/prj_8105-768x512.jpg 768w, https:\/\/cerpratenc.es\/wp-content\/uploads\/2023\/08\/prj_8105-1536x1024.jpg 1536w, https:\/\/cerpratenc.es\/wp-content\/uploads\/2023\/08\/prj_8105-2048x1365.jpg 2048w\" sizes=\"auto, (max-width: 1024px) 100vw, 1024px\" \/><\/figure>\n<\/figure>\n\n\n\n<div class=\"wp-block-group alignfull is-layout-flow wp-block-group-is-layout-flow\" style=\"padding-top:var(--wp--preset--spacing--70);padding-bottom:var(--wp--preset--spacing--70)\">\n<div class=\"wp-block-group alignwide has-global-padding is-content-justification-center is-layout-constrained wp-block-group-is-layout-constrained\">\n<div class=\"wp-block-group alignwide has-global-padding is-layout-constrained wp-block-group-is-layout-constrained\">\n<div class=\"wp-block-columns alignfull lemmony-mobile-center is-layout-flex wp-container-core-columns-is-layout-ec1adf01 wp-block-columns-is-layout-flex\" style=\"margin-top:0;margin-bottom:0;padding-top:var(--wp--preset--spacing--50);padding-bottom:0\">\n<div class=\"wp-block-column is-vertically-aligned-center is-layout-flow wp-block-column-is-layout-flow\">\n<div class=\"wp-block-group is-style-hover-bg has-global-padding is-layout-constrained wp-container-core-group-is-layout-060228e5 wp-block-group-is-layout-constrained\" style=\"border-radius:24px;padding-top:var(--wp--preset--spacing--60);padding-right:var(--wp--preset--spacing--50);padding-bottom:var(--wp--preset--spacing--60);padding-left:var(--wp--preset--spacing--50)\">\n<h3 class=\"wp-block-heading has-text-align-center has-lemmonary-background-color has-background has-small-plus-font-size\" style=\"margin-top:var(--wp--preset--spacing--30);font-style:normal;font-weight:700;line-height:1.4\">Iniciaci\u00f3n 1<\/h3>\n\n\n\n<p class=\"has-text-align-center has-tiny-plus-font-size\" style=\"margin-top:var(--wp--preset--spacing--20)\"><strong>Gimnastas de P3 a 1\u00ba de Primaria <\/strong><\/p>\n\n\n\n<p class=\"has-text-align-center has-tiny-plus-font-size\" style=\"margin-top:var(--wp--preset--spacing--20)\">Lunes y Mi\u00e9rcoles <\/p>\n\n\n\n<p class=\"has-text-align-center has-tiny-plus-font-size\" style=\"margin-top:var(--wp--preset--spacing--20)\">18:00 a 19:00h.<\/p>\n\n\n\n<p class=\"has-text-align-center has-tiny-plus-font-size\" style=\"margin-top:var(--wp--preset--spacing--20)\">37 Euros \/Mes<\/p>\n\n\n\n<p class=\"has-text-align-center has-tiny-plus-font-size\" style=\"margin-top:var(--wp--preset--spacing--20)\">Matr\u00edcula 40 Euros<\/p>\n\n\n\n<div class=\"wp-block-group lemmony-animation is-content-justification-center is-layout-flex wp-container-core-group-is-layout-a363e33b wp-block-group-is-layout-flex\" style=\"--lemmony-animation-name:lemmonyFadeInUp\">\n<div class=\"wp-block-buttons is-content-justification-center is-layout-flex wp-container-core-buttons-is-layout-a89b3969 wp-block-buttons-is-layout-flex\" style=\"text-decoration:underline\">\n<div class=\"wp-block-button lemmony-button-hover-primary-text\"><a class=\"wp-block-button__link has-body-color has-transparent-background-color has-text-color has-background has-tiny-plus-font-size has-custom-font-size wp-element-button\" href=\"https:\/\/app.cluber.es\/clubes\/6491ef11bbd43369225553\/portal\" style=\"padding-top:0;padding-right:0;padding-bottom:0;padding-left:0;font-style:normal;font-weight:700\" target=\"_blank\" rel=\"noreferrer noopener\">Inscribirse<\/a><\/div>\n<\/div>\n\n\n\n<div class=\"wp-block-lemmony-companion-icon has-black-color has-background-background-color has-text-color has-background has-small-plus-font-size\"><div class=\"lemmony-icon-wrapper\"><svg xmlns=\"http:\/\/www.w3.org\/2000\/svg\" viewBox=\"0 0 32 32\" data-reactroot=\"\"><polygon points=\"21.418,24.789 20.004,23.375 26.379,17 1.793,17 1.793,15 26.379,15 20.004,8.625 21.418,7.211 30.207,16 \"><\/polygon><\/svg><\/div><\/div>\n<\/div>\n<\/div>\n\n\n\n<div class=\"wp-block-group is-style-hover-bg is-layout-grid wp-container-core-group-is-layout-581d1a9d wp-block-group-is-layout-grid\" style=\"border-radius:24px;padding-top:var(--wp--preset--spacing--60);padding-right:var(--wp--preset--spacing--50);padding-bottom:var(--wp--preset--spacing--60);padding-left:var(--wp--preset--spacing--50)\">\n<h3 class=\"wp-block-heading has-text-align-center has-lemmonary-background-color has-background has-small-plus-font-size\" style=\"margin-top:var(--wp--preset--spacing--30);font-style:normal;font-weight:700;line-height:1.4\">Iniciaci\u00f3n 3<\/h3>\n\n\n\n<p class=\"has-text-align-center has-tiny-plus-font-size\" style=\"margin-top:var(--wp--preset--spacing--20)\"><strong>Gimnastas a partir de 2\u00ba de Primaria <\/strong><\/p>\n\n\n\n<p class=\"has-text-align-center has-tiny-plus-font-size\" style=\"margin-top:var(--wp--preset--spacing--20)\">Martes y Jueves<\/p>\n\n\n\n<p class=\"has-text-align-center has-tiny-plus-font-size\" style=\"margin-top:var(--wp--preset--spacing--20)\">17:30 a 19:00h. <\/p>\n\n\n\n<p class=\"has-text-align-center has-tiny-plus-font-size\" style=\"margin-top:var(--wp--preset--spacing--20)\">45 Euros\/Mes<\/p>\n\n\n\n<p class=\"has-text-align-center has-tiny-plus-font-size\" style=\"margin-top:var(--wp--preset--spacing--20)\">Matr\u00edcula 40 Euros<\/p>\n\n\n\n<div class=\"wp-block-group lemmony-animation is-content-justification-center is-layout-flex wp-container-core-group-is-layout-a363e33b wp-block-group-is-layout-flex\" style=\"--lemmony-animation-name:lemmonyFadeInUp\">\n<div class=\"wp-block-buttons is-content-justification-center is-layout-flex wp-container-core-buttons-is-layout-a89b3969 wp-block-buttons-is-layout-flex\" style=\"text-decoration:underline\">\n<div class=\"wp-block-button lemmony-button-hover-primary-text\"><a class=\"wp-block-button__link has-body-color has-transparent-background-color has-text-color has-background has-tiny-plus-font-size has-custom-font-size wp-element-button\" href=\"https:\/\/app.cluber.es\/clubes\/6491ef11bbd43369225553\/portal\" style=\"padding-top:0;padding-right:0;padding-bottom:0;padding-left:0;font-style:normal;font-weight:700\" target=\"_blank\" rel=\"noreferrer noopener\">Inscribirse<\/a><\/div>\n<\/div>\n\n\n\n<div class=\"wp-block-lemmony-companion-icon has-black-color has-background-background-color has-text-color has-background has-small-plus-font-size\"><div class=\"lemmony-icon-wrapper\"><svg xmlns=\"http:\/\/www.w3.org\/2000\/svg\" viewBox=\"0 0 32 32\" data-reactroot=\"\"><polygon points=\"21.418,24.789 20.004,23.375 26.379,17 1.793,17 1.793,15 26.379,15 20.004,8.625 21.418,7.211 30.207,16 \"><\/polygon><\/svg><\/div><\/div>\n<\/div>\n<\/div>\n<\/div>\n\n\n\n<div class=\"wp-block-column is-vertically-aligned-top is-layout-flow wp-block-column-is-layout-flow\">\n<div class=\"wp-block-group is-style-hover-bg has-global-padding is-layout-constrained wp-container-core-group-is-layout-060228e5 wp-block-group-is-layout-constrained\" style=\"border-radius:24px;padding-top:var(--wp--preset--spacing--60);padding-right:var(--wp--preset--spacing--50);padding-bottom:var(--wp--preset--spacing--60);padding-left:var(--wp--preset--spacing--50)\">\n<h3 class=\"wp-block-heading has-text-align-center has-lemmonary-background-color has-background has-small-plus-font-size\" style=\"margin-top:var(--wp--preset--spacing--30);font-style:normal;font-weight:700;line-height:1.4\">Iniciaci\u00f3n 2<\/h3>\n\n\n\n<p class=\"has-text-align-center has-tiny-plus-font-size\" style=\"margin-top:var(--wp--preset--spacing--20)\"><strong>Gimnastas de 1\u00ba de Primaria a 3\u00ba de Primaria<\/strong><\/p>\n\n\n\n<p class=\"has-text-align-center has-tiny-plus-font-size\" style=\"margin-top:var(--wp--preset--spacing--20)\">Martes y Jueves <\/p>\n\n\n\n<p class=\"has-text-align-center has-tiny-plus-font-size\" style=\"margin-top:var(--wp--preset--spacing--20)\">17:30 a 18:30h.<\/p>\n\n\n\n<p class=\"has-text-align-center has-tiny-plus-font-size\" style=\"margin-top:var(--wp--preset--spacing--20)\">37 Euros\/Mes<\/p>\n\n\n\n<p class=\"has-text-align-center has-tiny-plus-font-size\" style=\"margin-top:var(--wp--preset--spacing--20)\">Matr\u00edcula 40 Euros<\/p>\n\n\n\n<div class=\"wp-block-group lemmony-animation is-content-justification-center is-layout-flex wp-container-core-group-is-layout-a363e33b wp-block-group-is-layout-flex\" style=\"--lemmony-animation-name:lemmonyFadeInUp\">\n<div class=\"wp-block-buttons is-content-justification-center is-layout-flex wp-container-core-buttons-is-layout-a89b3969 wp-block-buttons-is-layout-flex\" style=\"text-decoration:underline\">\n<div class=\"wp-block-button lemmony-button-hover-primary-text\"><a class=\"wp-block-button__link has-body-color has-transparent-background-color has-text-color has-background has-tiny-plus-font-size has-custom-font-size wp-element-button\" href=\"https:\/\/app.cluber.es\/clubes\/6491ef11bbd43369225553\/portal\" style=\"padding-top:0;padding-right:0;padding-bottom:0;padding-left:0;font-style:normal;font-weight:700\" target=\"_blank\" rel=\"noreferrer noopener\">Inscribirse<\/a><\/div>\n<\/div>\n\n\n\n<div class=\"wp-block-lemmony-companion-icon has-black-color has-background-background-color has-text-color has-background has-small-plus-font-size\"><div class=\"lemmony-icon-wrapper\"><svg xmlns=\"http:\/\/www.w3.org\/2000\/svg\" viewBox=\"0 0 32 32\" data-reactroot=\"\"><polygon points=\"21.418,24.789 20.004,23.375 26.379,17 1.793,17 1.793,15 26.379,15 20.004,8.625 21.418,7.211 30.207,16 \"><\/polygon><\/svg><\/div><\/div>\n<\/div>\n<\/div>\n\n\n\n<div class=\"wp-block-group is-style-hover-bg has-global-padding is-content-justification-right is-layout-constrained wp-container-core-group-is-layout-a04b95cb wp-block-group-is-layout-constrained\" style=\"border-radius:24px;padding-top:var(--wp--preset--spacing--60);padding-right:var(--wp--preset--spacing--50);padding-bottom:var(--wp--preset--spacing--60);padding-left:var(--wp--preset--spacing--50)\">\n<h3 class=\"wp-block-heading has-text-align-center has-lemmonary-background-color has-background has-small-plus-font-size\" style=\"margin-top:var(--wp--preset--spacing--30);font-style:normal;font-weight:700;line-height:1.4\">Iniciaci\u00f3n 4<\/h3>\n\n\n\n<p class=\"has-text-align-center has-tiny-plus-font-size\" style=\"margin-top:var(--wp--preset--spacing--20)\"><strong>Gimnastas a partir de 2\u00ba de Primaria <\/strong><\/p>\n\n\n\n<p class=\"has-text-align-center has-tiny-plus-font-size\" style=\"margin-top:var(--wp--preset--spacing--20)\">Lunes y Mi\u00e9rcoles<\/p>\n\n\n\n<p class=\"has-text-align-center has-tiny-plus-font-size\" style=\"margin-top:var(--wp--preset--spacing--20)\">18.00 a 19.00 h.<\/p>\n\n\n\n<p class=\"has-text-align-center has-tiny-plus-font-size\" style=\"margin-top:var(--wp--preset--spacing--20)\">37 Euros\/Mes<\/p>\n\n\n\n<p class=\"has-text-align-center has-tiny-plus-font-size\" style=\"margin-top:var(--wp--preset--spacing--20)\">Matr\u00edcula 40 Euros<\/p>\n\n\n\n<div class=\"wp-block-group lemmony-animation is-content-justification-center is-layout-flex wp-container-core-group-is-layout-a363e33b wp-block-group-is-layout-flex\" style=\"--lemmony-animation-name:lemmonyFadeInUp\">\n<div class=\"wp-block-buttons is-content-justification-center is-layout-flex wp-container-core-buttons-is-layout-a89b3969 wp-block-buttons-is-layout-flex\" style=\"text-decoration:underline\">\n<div class=\"wp-block-button lemmony-button-hover-primary-text\"><a class=\"wp-block-button__link has-body-color has-transparent-background-color has-text-color has-background has-tiny-plus-font-size has-custom-font-size wp-element-button\" href=\"https:\/\/app.cluber.es\/clubes\/6491ef11bbd43369225553\/portal\" style=\"padding-top:0;padding-right:0;padding-bottom:0;padding-left:0;font-style:normal;font-weight:700\" target=\"_blank\" rel=\"noreferrer noopener\">Inscribirse<\/a><\/div>\n<\/div>\n\n\n\n<div class=\"wp-block-lemmony-companion-icon has-black-color has-background-background-color has-text-color has-background has-small-plus-font-size\"><div class=\"lemmony-icon-wrapper\"><svg xmlns=\"http:\/\/www.w3.org\/2000\/svg\" viewBox=\"0 0 32 32\" data-reactroot=\"\"><polygon points=\"21.418,24.789 20.004,23.375 26.379,17 1.793,17 1.793,15 26.379,15 20.004,8.625 21.418,7.211 30.207,16 \"><\/polygon><\/svg><\/div><\/div>\n<\/div>\n<\/div>\n<\/div>\n\n\n\n<div class=\"wp-block-column is-vertically-aligned-center is-layout-flow wp-block-column-is-layout-flow\"><\/div>\n<\/div>\n<\/div>\n<\/div>\n\n\n\n<details class=\"wp-block-details is-layout-flow wp-block-details-is-layout-flow\"><summary><\/summary>\n<p class=\"has-text-align-center\">S\u00ed deseas informaci\u00f3n sobre los grupos de competici\u00f3n escolar y federada pol\u00edtica informaci\u00f3n ! <\/p>\n<\/details>\n<\/div>\n\n\n\n<p class=\"has-text-align-center\">Descarga aqu\u00ed toda la informaci\u00f3n de los horarios y tarifas de Iniciaci\u00f3n.<\/p>\n\n\n\n<div data-wp-interactive=\"core\/file\" class=\"wp-block-file aligncenter has-link-color wp-elements-a1e72388e1b46bb5a91079bbffeccef2\"><object data-wp-bind--hidden=\"!state.hasPdfPreview\" hidden class=\"wp-block-file__embed\" data=\"https:\/\/cerpratenc.es\/wp-content\/uploads\/2025\/06\/Grupos-Iniciacion-.pdf\" type=\"application\/pdf\" style=\"width:100%;height:600px\" aria-label=\"Incrustado de Grupos Iniciaci\u00f3n.\"><\/object><a id=\"wp-block-file--media-9e874a83-94c7-4365-9ce0-490d9406e711\" href=\"https:\/\/cerpratenc.es\/wp-content\/uploads\/2025\/06\/Grupos-Iniciacion-.pdf\" target=\"_blank\" rel=\"noreferrer noopener\">Grupos Iniciaci\u00f3n<\/a><a href=\"https:\/\/cerpratenc.es\/wp-content\/uploads\/2025\/06\/Grupos-Iniciacion-.pdf\" class=\"wp-block-file__button wp-element-button\" download aria-describedby=\"wp-block-file--media-9e874a83-94c7-4365-9ce0-490d9406e711\">DESCARGAR PDF<\/a><\/div>\n\n\n\n<div class=\"wp-block-columns is-layout-flex wp-container-core-columns-is-layout-28f84493 wp-block-columns-is-layout-flex\">\n<div class=\"wp-block-column is-layout-flow wp-block-column-is-layout-flow\" style=\"flex-basis:100%\">\n<div style=\"height:100px\" aria-hidden=\"true\" class=\"wp-block-spacer\"><\/div>\n<\/div>\n<\/div>\n","protected":false},"excerpt":{"rendered":"<p>Aqu\u00ed puedes consultar los horarios de nuestros grupos de Iniciaci\u00f3n. Los grupos de competici\u00f3n escolar y competici\u00f3n federada son grupos cerrados, por lo que deber\u00e1n ponerse en contacto con la entidad para consultar el grupo m\u00e1s adecuado para las gimnastas. Iniciaci\u00f3n 1 Gimnastas de P3 a 1\u00ba de Primaria Lunes y Mi\u00e9rcoles 18:00 a 19:00h. [&hellip;]<\/p>\n","protected":false},"author":1,"featured_media":0,"parent":0,"menu_order":0,"comment_status":"closed","ping_status":"closed","template":"","meta":{"footnotes":""},"class_list":["post-219","page","type-page","status-publish","hentry"],"_links":{"self":[{"href":"https:\/\/cerpratenc.es\/index.php\/wp-json\/wp\/v2\/pages\/219","targetHints":{"allow":["GET"]}}],"collection":[{"href":"https:\/\/cerpratenc.es\/index.php\/wp-json\/wp\/v2\/pages"}],"about":[{"href":"https:\/\/cerpratenc.es\/index.php\/wp-json\/wp\/v2\/types\/page"}],"author":[{"embeddable":true,"href":"https:\/\/cerpratenc.es\/index.php\/wp-json\/wp\/v2\/users\/1"}],"replies":[{"embeddable":true,"href":"https:\/\/cerpratenc.es\/index.php\/wp-json\/wp\/v2\/comments?post=219"}],"version-history":[{"count":55,"href":"https:\/\/cerpratenc.es\/index.php\/wp-json\/wp\/v2\/pages\/219\/revisions"}],"predecessor-version":[{"id":1719,"href":"https:\/\/cerpratenc.es\/index.php\/wp-json\/wp\/v2\/pages\/219\/revisions\/1719"}],"wp:attachment":[{"href":"https:\/\/cerpratenc.es\/index.php\/wp-json\/wp\/v2\/media?parent=219"}],"curies":[{"name":"wp","href":"https:\/\/api.w.org\/{rel}","templated":true}]}}